{"id":2,"date":"2009-05-12T20:50:36","date_gmt":"2009-05-12T18:50:36","guid":{"rendered":"https:\/\/mieux-se-connaitre.com\/wp4\/?page_id=2"},"modified":"2014-11-11T00:48:46","modified_gmt":"2014-11-10T22:48:46","slug":"a-propos","status":"publish","type":"page","link":"https:\/\/mieux-se-connaitre.com\/wp4\/a-propos\/","title":{"rendered":"\u00c0 partager"},"content":{"rendered":"<!-- google_ad_section_start --><p><span style=\"color: #800000;\"><strong><a href=\"https:\/\/mieux-se-connaitre.com\/wp4\/wp-content\/uploads\/2009\/05\/serendipite.jpg\"><img loading=\"lazy\" class=\"alignleft size-full wp-image-8329\" src=\"https:\/\/mieux-se-connaitre.com\/wp4\/wp-content\/uploads\/2009\/05\/serendipite.jpg\" alt=\"serendipite\" width=\"240\" height=\"160\" srcset=\"https:\/\/mieux-se-connaitre.com\/wp4\/wp-content\/uploads\/2009\/05\/serendipite.jpg 240w, https:\/\/mieux-se-connaitre.com\/wp4\/wp-content\/uploads\/2009\/05\/serendipite-150x100.jpg 150w\" sizes=\"(max-width: 240px) 100vw, 240px\" \/><\/a>Mieux se conna\u00eetre ou la s\u00e9rendipit\u00e9<\/strong><\/span><\/p>\n<p>vous cherchez quelque chose et vous allez trouver autre chose: VOUS.<\/p>\n<p><span style=\"color: #800000;\"><strong>Le partage d&#8217;une vie au service de l&#8217;information scientifique et culturelle<\/strong><\/span><\/p>\n<p>Partager une vie de r\u00e9alisations multimedia, \u00e9labor\u00e9es avec les meilleurs experts, une vie de cr\u00e9ations et d&#8217;aventures artistiques, inciter au questionnement, parce que l&#8217;introspection est le premier pas vers la culture&#8230;\u00c0 ce rythme, c&#8217;est jouissif!<\/p>\n<p>Vous pouvez vous demander pourquoi les plantes c\u00f4toient l&#8217;histoire du XIXe si\u00e8cle ou un cours de th\u00e9\u00e2tre ou encore une m\u00e9thode d&#8217;apprentissage de la lecture ou encore la communication non verbale : ce sont tous les sujets sur lesquels j&#8217;ai travaill\u00e9 pour des r\u00e9alisations multimedia (des vid\u00e9odisques interactifs aux DVD-Rom) ou tous les arts j&#8217;ai pratiqu\u00e9s comme le th\u00e9\u00e2tre et la sculpture. Ce sont aussi des tr\u00e9sors qu&#8217;on m&#8217;a l\u00e9gu\u00e9s comme la <a href=\"http:\/\/www.idphines.com\/2014\/02\/methode-dapprentissage-de-la-lecture\/\">m\u00e9thode d&#8217;apprentissage de la lecture de ma m\u00e8re<\/a> qui a enseign\u00e9 toute sa vie en CP, ou comme les fiches sur la musique d&#8217;Edgar G\u00e9nin, professeur de piano et d&#8217;esth\u00e9tique musicale.<\/p>\n<p>Certains des supports qui ont permis la distribution de ces contenus sont aujourd&#8217;hui obsol\u00e8tes, mais pas les contenus et il serait dommage de perdre la somme d&#8217;expertise qu&#8217;ils repr\u00e9sentent.<\/p>\n<p>Voil\u00e0 pourquoi je mets en ligne les document de travail qui ont servi \u00e0 la cr\u00e9ation de productions multimedia pour le Mus\u00e9e d&#8217;Orsay, le Mus\u00e9e du Louvre,\u00a0 le Mus\u00e9e des arts et m\u00e9tiers, la Cit\u00e9 des sciences et de l&#8217;industrie, le Palais de la d\u00e9couverte, le m\u00e9morial de Caen, L&#8217;\u00c9cole nationale de ski et d&#8217;alpinisme, etc.<\/p>\n<p><span style=\"color: #800000;\"><strong>L&#8217;introspection est le premier pas vers la culture<\/strong><\/span><\/p>\n<p>J&#8217;ai rajout\u00e9 \u00e0 cette partie plus encyclop\u00e9dique des sujets de questionnement sur soi et des test psy, issus du travail avec les psychanalystes pour les DVD-Rom de jeu <em>Le Psy c&#8217;est vous<\/em> , et avec la Cit\u00e9 des sciences sur le th\u00e8me expression comportement.<\/p>\n<p>Mais les articles \u00e0 caract\u00e8re encyclop\u00e9diques sont aussi une source de questionnement: comment regardez-vous un tableau, comment l&#8217;histoire de l&#8217;\u00e9ducation au XIXe si\u00e8cle vous interpelle-t-elle sur l&#8217;\u00e9chec actuel du syst\u00e8me \u00e9ducatif? Choisissez-vous l&#8217;allopathie ou choisissez-vous de chercher un meilleur \u00e9quilibre de sant\u00e9 avec les plantes? Voulez-vous d\u00e9couvrir des recettes originales \u00e0 bases de plantes qui conviennent \u00e0 vos petits probl\u00e8mes quotidiens.<\/p>\n<p><span style=\"color: #800000;\"><strong>Dans tous les cas suivants et dans bien d&#8217;autres, ce blog est fait pour vous<\/strong><\/span><br \/>\n&#8211; Vous \u00eates submerg\u00e9(e) par trop d&#8217;informations inutiles, vous avez appris \u00e0 ne m\u00eame pas chercher \u00e0 les comprendre<br \/>\n&#8211; Vous n&#8217;en avez m\u00eame plus marre de m\u00e9tro-boulot-dodo, tellement vous y \u00eates habitu\u00e9<br \/>\n&#8211; Vous avez r\u00e9duit la communication avec vos amis aux messages que vous affichez sur le &#8220;wall&#8221; de facebook<br \/>\n&#8211; Les \u00e9changes avec votre partenaire sont essentiellement les postits sur le r\u00e9frig\u00e9rateur<br \/>\n&#8211; Vous ne sauriez pas dire de quelle couleur sont les yeux de vos coll\u00e8gues de bureau<br \/>\n&#8211; Vous ne riez pas une fois par jour<\/p>\n<p>&#8211; Vous avez des habitudes alimentaires routini\u00e8res et n\u00e9fastes pour votre sant\u00e9<\/p>\n<p>&#8211; Vos neurones travaillent en empruntant toujours le m\u00eame circuit sans &#8220;sortir du cadre&#8221;<\/p>\n<p>&#8211; S&#8217;il se passe quelque chose autour de vous qui s&#8217;av\u00e8re avoir une cons\u00e9quence majeure et que vous \u00eates appel\u00e9 \u00e0 t\u00e9moigner, vous vous apercevez que vous en \u00eates incapable avec pr\u00e9cision<br \/>\n&#8211; Vous ne prenez pas le temps de raconter une histoire ou d&#8217;inventer une chanson pour vos enfants si vous en avez<br \/>\n&#8211; Si vous \u00eates retrait\u00e9 et que vous aviez pens\u00e9 pouvoir enfin vous consacrer \u00e0 ce que vous aimez, vous vous apercevez que le temps vide s&#8217;\u00e9tend de plus en plus, que finalement, vous ne savez plus ce que vous aimez ou que vous n&#8217;avez plus les capacit\u00e9s de le faire, et que votre journ\u00e9e se passe \u00e0 remplir le temps de petites t\u00e2ches concr\u00e8tes sans int\u00e9r\u00eat ou \u00e0 trouver une occupation (comme le golf) qui remplit ais\u00e9ment une demi-journ\u00e9e&#8230;ouf! une de plus de pass\u00e9e sans se poser de questions.<\/p>\n<p><strong><span style=\"color: #800000;\">Changez votre vie!<\/span><\/strong><\/p>\n<p>Je vous donne <strong>un sujet d&#8217;introspection par semaine . <\/strong>Se poser des questions ou se donner des objectifs m\u00eame bizarres stimule le cerveau et \u00e9tablit des connexions inhabituelles.<\/p>\n<p><strong>Des tests psy de connaissance et de personnalit\u00e9<\/strong> vous aident \u00e0 vous remettre en question et une petite gymnastique d&#8217;esprit ludique compl\u00e8te cette mise en forme quotidienne.<\/p>\n<p><strong>Vous d\u00e9couvrirez l&#8217;usage des plantes pour am\u00e9liorer votre sant\u00e9<\/strong>. Les plantes ne sont pas anodines, elles peuvent tuer, gu\u00e9rir et apporter un \u00e9quilibre et un bien-\u00eatre sur le long terme. La consommation de fruits et l\u00e9gumes dans l\u2019alimentation quotidienne constitue une phytoth\u00e9rapie permanente. Consomm\u00e9es \u00e0 l\u2019\u00e9tat naturel, les plantes dispensent leurs principes actifs \u00e0 des doses tr\u00e8s faibles par rapport \u00e0 celles que l&#8217;on trouve dans les m\u00e9dicaments allopathiques mais avec des interactions subtiles. Aujourd\u2019hui la micronutrition peut aider chacun \u00e0 d\u00e9couvrir les compl\u00e9ments alimentaires \u00e0 base de plantes qui lui conviennent.<\/p>\n<p><strong>La rubrique encyclop\u00e9die<\/strong> redonne vie \u00e0\u00a0 des centaines de cartons d&#8217;archives, de CD de sauvegarde, de bases de photos, etc.<br \/>\nLe Web nous propose bien plus d&#8217;informations que nous ne pouvons en absorber, l&#8217;important est de donner les pistes pour que chacun poursuivre sa propre recherche d&#8217;information et de soulever des questions\u00a0 \u00e0 approfondir.<br \/>\nLes articles sont donc volontairement courts; s&#8217;ils vous int\u00e9ressent, vous trouverez tout ce que vous voulez sur les sujets\u00a0 abord\u00e9s dans les livres et sur le Web.<br \/>\nSi j&#8217;ai r\u00e9ussi \u00e0 exciter votre curiosit\u00e9, \u00e0 susciter des questions, et \u00e0 vous faire sourire, j&#8217;aurai atteint mon but modeste et sans pr\u00e9tention.<\/p>\n<p><strong>\u00c9vitons d&#8217;oublier de penser!<\/strong><\/p>\n<p><a href=\"https:\/\/mieux-se-connaitre.com\/wp4\/?page_id=4\" target=\"_self\">Maryvonne Pellay<\/a>, ancienne \u00e9l\u00e8ve de l&#8217;\u00c9cole normale sup\u00e9rieure (physique),\u00a0 auteur, r\u00e9alisateur et g\u00e9rante de la soci\u00e9t\u00e9 <a href=\"http:\/\/www.idphines.com\" target=\"_blank\">IDphines<\/a><\/p>\n<p>Retrouvez-moi aussi sur <a href=\"http:\/\/www.facebook.com\/home.php?#\/profile.php?ref=name&amp;id=818483562\" target=\"_blank\">Facebook<\/a><\/p>\n<p><img loading=\"lazy\" class=\"aligncenter size-medium wp-image-1098\" title=\"MP02NB\" src=\"https:\/\/mieux-se-connaitre.com\/wp4\/wp-content\/uploads\/2009\/05\/MP02NB-224x300.jpg\" alt=\"MP02NB\" width=\"224\" height=\"300\" srcset=\"https:\/\/mieux-se-connaitre.com\/wp4\/wp-content\/uploads\/2009\/05\/MP02NB-224x300.jpg 224w, https:\/\/mieux-se-connaitre.com\/wp4\/wp-content\/uploads\/2009\/05\/MP02NB-112x150.jpg 112w, https:\/\/mieux-se-connaitre.com\/wp4\/wp-content\/uploads\/2009\/05\/MP02NB.jpg 350w\" sizes=\"(max-width: 224px) 100vw, 224px\" \/><\/p>\n<p>Ce site est r\u00e9f\u00e9renc\u00e9 dans les annuaires suivants <a href=\"http:\/\/www.webrankinfo.com\/annuaire\/cat-852-tests-de-personnalite-et-de-qi.htm\/\"><img title=\"WebRankInfo\" src=\"http:\/\/www.webrankinfo.com\/images\/wri\/webrankinfo-80-15.png\" alt=\"Actualit\u00e9 en referencement Duffez\" \/><\/a> et <a href=\"http:\/\/www.dicodunet.com\/\"> <img title=\"DicoDuNet\" src=\"http:\/\/www.webrankinfo.com\/images\/dicodunet-80-15.png\" alt=\"Dictionnaire Internet\" \/><\/a><\/p>\n<p><a title=\"annuaire des blogs\" href=\"http:\/\/www.annuairedesblogs.org\">annuaire blog<\/a><br \/>\n<!-- overblog tracker --><br \/>\n<script src=\"http:\/\/ads.over-blog.com\/_tracker.js\"><\/script><br \/>\n<!-- end of tracker --><\/p>\n<!-- google_ad_section_end -->","protected":false},"excerpt":{"rendered":"<!-- google_ad_section_start --><p>Mieux se conna\u00eetre ou la s\u00e9rendipit\u00e9 vous cherchez quelque chose et vous allez trouver autre chose: VOUS. Le partage d&#8217;une vie au service de l&#8217;information scientifique et culturelle Partager une vie de r\u00e9alisations multimedia, \u00e9labor\u00e9es avec les meilleurs experts, une&hellip;<\/p>\n<p class=\"more-link-p\"><a class=\"more-link\" href=\"https:\/\/mieux-se-connaitre.com\/wp4\/a-propos\/\">Suite &rarr;<\/a><\/p>\n<!-- google_ad_section_end -->","protected":false},"author":1,"featured_media":0,"parent":0,"menu_order":0,"comment_status":"open","ping_status":"open","template":"","meta":[],"_links":{"self":[{"href":"https:\/\/mieux-se-connaitre.com\/wp4\/wp-json\/wp\/v2\/pages\/2"}],"collection":[{"href":"https:\/\/mieux-se-connaitre.com\/wp4\/wp-json\/wp\/v2\/pages"}],"about":[{"href":"https:\/\/mieux-se-connaitre.com\/wp4\/wp-json\/wp\/v2\/types\/page"}],"author":[{"embeddable":true,"href":"https:\/\/mieux-se-connaitre.com\/wp4\/wp-json\/wp\/v2\/users\/1"}],"replies":[{"embeddable":true,"href":"https:\/\/mieux-se-connaitre.com\/wp4\/wp-json\/wp\/v2\/comments?post=2"}],"version-history":[{"count":20,"href":"https:\/\/mieux-se-connaitre.com\/wp4\/wp-json\/wp\/v2\/pages\/2\/revisions"}],"predecessor-version":[{"id":8330,"href":"https:\/\/mieux-se-connaitre.com\/wp4\/wp-json\/wp\/v2\/pages\/2\/revisions\/8330"}],"wp:attachment":[{"href":"https:\/\/mieux-se-connaitre.com\/wp4\/wp-json\/wp\/v2\/media?parent=2"}],"curies":[{"name":"wp","href":"https:\/\/api.w.org\/{rel}","templated":true}]}}