{"id":4,"date":"2009-05-20T20:13:32","date_gmt":"2009-05-20T18:13:32","guid":{"rendered":"https:\/\/mieux-se-connaitre.com\/wp4\/?page_id=4"},"modified":"2020-11-18T00:50:10","modified_gmt":"2020-11-17T22:50:10","slug":"nous-contacter","status":"publish","type":"page","link":"https:\/\/mieux-se-connaitre.com\/wp4\/nous-contacter\/","title":{"rendered":"Me contacter"},"content":{"rendered":"<!-- google_ad_section_start --><p><a href=\"https:\/\/mieux-se-connaitre.com\/wp4\/wp-content\/uploads\/2009\/05\/enpied.jpg\"><img loading=\"lazy\" class=\"alignleft size-medium wp-image-3068\" title=\"enpied\" src=\"https:\/\/mieux-se-connaitre.com\/wp4\/wp-content\/uploads\/2009\/05\/enpied-200x300.jpg\" alt=\"enpied\" width=\"200\" height=\"300\" srcset=\"https:\/\/mieux-se-connaitre.com\/wp4\/wp-content\/uploads\/2009\/05\/enpied-200x300.jpg 200w, https:\/\/mieux-se-connaitre.com\/wp4\/wp-content\/uploads\/2009\/05\/enpied-100x150.jpg 100w, https:\/\/mieux-se-connaitre.com\/wp4\/wp-content\/uploads\/2009\/05\/enpied.jpg 400w\" sizes=\"(max-width: 200px) 100vw, 200px\" \/><\/a>Vous pouvez\u00a0 contacter Maryvonne Pellay<\/p>\n<p>par courriel : plf@wanadoo.fr<\/p>\n<p>ou en laissant un commentaire sur un des articles.<\/p>\n<h2><span style=\"color: #800000;\">A propos&#8230; de Maryvonne Pellay<\/span><\/h2>\n<p><strong>Une double formation<\/strong> : scientifique (\u00c9cole Normale sup\u00e9rieure physique, m\u00e9decine) et artistique (cours de th\u00e9\u00e2tre et tourn\u00e9es, travail d\u2019atelier avec des sculpteurs).<\/p>\n<p><strong>Une th\u00e8se<\/strong> sous la direction d\u2019Evry Schatzman sur la turbulence dans les plasmas stellaires et galactiques\u00a0: th\u00e8se th\u00e9orique dont les r\u00e9sultats ont \u00e9t\u00e9 confirm\u00e9s par l\u2019observation pr\u00e8s de 20 ans plus tard.<\/p>\n<p><strong>Une passion\u00a0:<\/strong> conjuguer recherche et spectacle pour apporter au public des \u00e9l\u00e9ments de compr\u00e9hension du monde technique et hypercomplexe dans lequel nous vivons.<\/p>\n<p>&#8211;\u00a0\u00a0\u00a0\u00a0\u00a0\u00a0 Cr\u00e9ation des relations publiques du CNRS sous la direction d\u2019Hubert Curien en 1970 et premi\u00e8re exposition \u00ab\u00a0Images de la recherche\u00a0\u00bb \u00e0 la Maison de la Culture de Grenoble en 1974.<\/p>\n<p>&#8211;\u00a0\u00a0\u00a0\u00a0\u00a0\u00a0 Pionni\u00e8re du multim\u00e9dia d\u00e8s 1974, pour la diffusion de la culture scientifique, technique et culturelle dans le cadre des Productions La For\u00eat.<\/p>\n<p>&#8211;\u00a0\u00a0\u00a0\u00a0\u00a0\u00a0 Remarqu\u00e9e pour son parcours au service de l\u2019information scientifique et culturelle, elle est envoy\u00e9e comme d\u00e9l\u00e9gu\u00e9e \u00e0 L\u2019ONU pour la CNUSTED \u00e0 Vienne en 1979.<\/p>\n<p>&#8211;\u00a0\u00a0\u00a0\u00a0\u00a0\u00a0 Elle a fait partie des \u00e9quipes programmes et de pr\u00e9figuration de grands mus\u00e9es et a con\u00e7u des productions multim\u00e9dia interactives pour\u00a0: Cit\u00e9 des sciences, Parc de la Villette, Mus\u00e9e des arts et m\u00e9tiers avec Dominique Ferriot, Mus\u00e9e d\u2019Orsay avec Madeleine Reb\u00e9rioux, Grande galerie du Mus\u00e9um, Palais de la d\u00e9couverte, M\u00e9morial de Caen, mus\u00e9e de Bibracte, mus\u00e9e de Samara.<\/p>\n<p><strong>Des partenariats<\/strong> avec le Minist\u00e8re de la recherche, le CNC et des \u00e9coles d\u2019ing\u00e9nieur pour am\u00e9liorer les \u00e9changes de connaissances entre joueur et monde virtuel intelligent dans les jeux vid\u00e9o et pour r\u00e9aliser un atelier flexible de construction de mondes virtuels interactifs constitu\u00e9s d\u2019acteurs programmables porteurs de connaissance.<\/p>\n<p>Ces recherches ont abouti \u00e0 la r\u00e9alisation de cinq DVD-Rom dont deux ont obtenu des fl\u00e8ches d\u2019or FNAC (Le Psy c\u2019est vous et Le Commissaire c\u2019est vous).<\/p>\n<p><strong>Particuli\u00e8rement passionn\u00e9e par l\u2019ethno-technologie<\/strong>, elle fait partie du Centre de recherche sur la culture technique.<\/p>\n<p>Persuad\u00e9e de l\u2019importance de susciter le questionnement (\u00ab\u00a0l\u2019introspection ouvre la porte \u00e0 la culture\u00a0\u00bb), elle est auteure de 5 livres de vulgarisation scientifique pour enfants, d\u2019une com\u00e9die musicale sur la bicyclette, prim\u00e9e par le minist\u00e8re de la Culture, d\u2019une pi\u00e8ce de th\u00e9\u00e2tre sur le cerveau \u00e9crite pour la cit\u00e9 des sciences en collaboration avec un neurophysiologiste et un psychiatre.<\/p>\n<p>Coauteur des <em>100 mots de l&#8217;eau<\/em> aux PUF<\/p>\n<p>prix du jury Plume d&#8217;agence pour sa nouvelle <em>La Chute<\/em>, \u00e9dit\u00e9e aux \u00e9dition de la table ronde.<\/p>\n<p>Auteur de quatre romans : <a href=\"http:\/\/7ecrit.com\/livre\/execute-blanc\"><em>Ex\u00e9cut\u00e9 \u00e0 blanc<\/em><\/a> et <em><a href=\"http:\/\/7ecrit.com\/livre\/1907-croisiere-grece\">1907, croisi\u00e8re en Gr\u00e8ce<\/a> , <a href=\"https:\/\/editions-sydney-laurent.fr\/livre\/dialogues-de-sourds\/\">Dialogues de sourds<\/a>, <a href=\"https:\/\/editions-sydney-laurent.fr\/livre\/urgences-maternite\/\">Urgences maternit\u00e9<\/a>, <\/em>publi\u00e9s aux \u00e9ditions Sydney Laurent<\/p>\n<p>Elle a \u00e9crit et jou\u00e9 un spectacles de sketches sur les m\u00e9faits de l\u2019ignorance, film\u00e9 par la FEMIS.<\/p>\n<p>en 2016, seule en sc\u00e8ne, elle joue au th\u00e9\u00e2tre Falgui\u00e8re, le texte de l&#8217;<em>Iliade, vue par H\u00e9l\u00e8ne de Troie<\/em> qu&#8217;elle a \u00e9crit.<\/p>\n<p>Aujourd\u2019hui, g\u00e9rante de la soci\u00e9t\u00e9 <a href=\"http:\/\/www.idphines.com\">IDphines<\/a>, elle poursuit son objectif d\u2019information du public sur des <strong>sujets sensibles<\/strong> : l\u2019eau, la sant\u00e9 et l\u2019alphab\u00e9tisation, fait des recherches sur la cr\u00e9ation en sculpture \u00e0 partir du chaos, poursuit l&#8217;exp\u00e9rience th\u00e9\u00e2trale et anime des ateliers d&#8217;\u00e9criture en prison.<\/p>\n<!-- google_ad_section_end -->","protected":false},"excerpt":{"rendered":"<!-- google_ad_section_start --><p>Vous pouvez\u00a0 contacter Maryvonne Pellay par courriel : plf@wanadoo.fr ou en laissant un commentaire sur un des articles. A propos&#8230; de Maryvonne Pellay Une double formation : scientifique (\u00c9cole Normale sup\u00e9rieure physique, m\u00e9decine) et artistique (cours de th\u00e9\u00e2tre et tourn\u00e9es,&hellip;<\/p>\n<p class=\"more-link-p\"><a class=\"more-link\" href=\"https:\/\/mieux-se-connaitre.com\/wp4\/nous-contacter\/\">Suite &rarr;<\/a><\/p>\n<!-- google_ad_section_end -->","protected":false},"author":1,"featured_media":0,"parent":0,"menu_order":0,"comment_status":"closed","ping_status":"closed","template":"","meta":[],"_links":{"self":[{"href":"https:\/\/mieux-se-connaitre.com\/wp4\/wp-json\/wp\/v2\/pages\/4"}],"collection":[{"href":"https:\/\/mieux-se-connaitre.com\/wp4\/wp-json\/wp\/v2\/pages"}],"about":[{"href":"https:\/\/mieux-se-connaitre.com\/wp4\/wp-json\/wp\/v2\/types\/page"}],"author":[{"embeddable":true,"href":"https:\/\/mieux-se-connaitre.com\/wp4\/wp-json\/wp\/v2\/users\/1"}],"replies":[{"embeddable":true,"href":"https:\/\/mieux-se-connaitre.com\/wp4\/wp-json\/wp\/v2\/comments?post=4"}],"version-history":[{"count":14,"href":"https:\/\/mieux-se-connaitre.com\/wp4\/wp-json\/wp\/v2\/pages\/4\/revisions"}],"predecessor-version":[{"id":14481,"href":"https:\/\/mieux-se-connaitre.com\/wp4\/wp-json\/wp\/v2\/pages\/4\/revisions\/14481"}],"wp:attachment":[{"href":"https:\/\/mieux-se-connaitre.com\/wp4\/wp-json\/wp\/v2\/media?parent=4"}],"curies":[{"name":"wp","href":"https:\/\/api.w.org\/{rel}","templated":true}]}}

<!-- google_ad_section_start --><p><a href="https://mieux-se-connaitre.com/wp4/wp-content/uploads/2009/05/enpied.jpg"><img loading="lazy" class="alignleft size-medium wp-image-3068" title="enpied" src="https://mieux-se-connaitre.com/wp4/wp-content/uploads/2009/05/enpied-200x300.jpg" alt="enpied" width="200" height="300" srcset="https://mieux-se-connaitre.com/wp4/wp-content/uploads/2009/05/enpied-200x300.jpg 200w, https://mieux-se-connaitre.com/wp4/wp-content/uploads/2009/05/enpied-100x150.jpg 100w, https://mieux-se-connaitre.com/wp4/wp-content/uploads/2009/05/enpied.jpg 400w" sizes="(max-width: 200px) 100vw, 200px" /></a>Vous pouvez  contacter Maryvonne Pellay</p>
<p>par courriel : plf@wanadoo.fr</p>
<p>ou en laissant un commentaire sur un des articles.</p>
<h2><span style="color: #800000;">A propos&#8230; de Maryvonne Pellay</span></h2>
<p><strong>Une double formation</strong> : scientifique (École Normale supérieure physique, médecine) et artistique (cours de théâtre et tournées, travail d’atelier avec des sculpteurs).</p>
<p><strong>Une thèse</strong> sous la direction d’Evry Schatzman sur la turbulence dans les plasmas stellaires et galactiques : thèse théorique dont les résultats ont été confirmés par l’observation près de 20 ans plus tard.</p>
<p><strong>Une passion :</strong> conjuguer recherche et spectacle pour apporter au public des éléments de compréhension du monde technique et hypercomplexe dans lequel nous vivons.</p>
<p>&#8211;       Création des relations publiques du CNRS sous la direction d’Hubert Curien en 1970 et première exposition « Images de la recherche » à la Maison de la Culture de Grenoble en 1974.</p>
<p>&#8211;       Pionnière du multimédia dès 1974, pour la diffusion de la culture scientifique, technique et culturelle dans le cadre des Productions La Forêt.</p>
<p>&#8211;       Remarquée pour son parcours au service de l’information scientifique et culturelle, elle est envoyée comme déléguée à L’ONU pour la CNUSTED à Vienne en 1979.</p>
<p>&#8211;       Elle a fait partie des équipes programmes et de préfiguration de grands musées et a conçu des productions multimédia interactives pour : Cité des sciences, Parc de la Villette, Musée des arts et métiers avec Dominique Ferriot, Musée d’Orsay avec Madeleine Rebérioux, Grande galerie du Muséum, Palais de la découverte, Mémorial de Caen, musée de Bibracte, musée de Samara.</p>
<p><strong>Des partenariats</strong> avec le Ministère de la recherche, le CNC et des écoles d’ingénieur pour améliorer les échanges de connaissances entre joueur et monde virtuel intelligent dans les jeux vidéo et pour réaliser un atelier flexible de construction de mondes virtuels interactifs constitués d’acteurs programmables porteurs de connaissance.</p>
<p>Ces recherches ont abouti à la réalisation de cinq DVD-Rom dont deux ont obtenu des flèches d’or FNAC (Le Psy c’est vous et Le Commissaire c’est vous).</p>
<p><strong>Particulièrement passionnée par l’ethno-technologie</strong>, elle fait partie du Centre de recherche sur la culture technique.</p>
<p>Persuadée de l’importance de susciter le questionnement (« l’introspection ouvre la porte à la culture »), elle est auteure de 5 livres de vulgarisation scientifique pour enfants, d’une comédie musicale sur la bicyclette, primée par le ministère de la Culture, d’une pièce de théâtre sur le cerveau écrite pour la cité des sciences en collaboration avec un neurophysiologiste et un psychiatre.</p>
<p>Coauteur des <em>100 mots de l&#8217;eau</em> aux PUF</p>
<p>prix du jury Plume d&#8217;agence pour sa nouvelle <em>La Chute</em>, éditée aux édition de la table ronde.</p>
<p>Auteur de quatre romans : <a href="http://7ecrit.com/livre/execute-blanc"><em>Exécuté à blanc</em></a> et <em><a href="http://7ecrit.com/livre/1907-croisiere-grece">1907, croisière en Grèce</a> , <a href="https://editions-sydney-laurent.fr/livre/dialogues-de-sourds/">Dialogues de sourds</a>, <a href="https://editions-sydney-laurent.fr/livre/urgences-maternite/">Urgences maternité</a>, </em>publiés aux éditions Sydney Laurent</p>
<p>Elle a écrit et joué un spectacles de sketches sur les méfaits de l’ignorance, filmé par la FEMIS.</p>
<p>en 2016, seule en scène, elle joue au théâtre Falguière, le texte de l&#8217;<em>Iliade, vue par Hélène de Troie</em> qu&#8217;elle a écrit.</p>
<p>Aujourd’hui, gérante de la société <a href="http://www.idphines.com">IDphines</a>, elle poursuit son objectif d’information du public sur des <strong>sujets sensibles</strong> : l’eau, la santé et l’alphabétisation, fait des recherches sur la création en sculpture à partir du chaos, poursuit l&#8217;expérience théâtrale et anime des ateliers d&#8217;écriture en prison.</p>
<!-- google_ad_section_end -->

<!-- google_ad_section_start --><p>Vous pouvez  contacter Maryvonne Pellay par courriel : plf@wanadoo.fr ou en laissant un commentaire sur un des articles. A propos&#8230; de Maryvonne Pellay Une double formation : scientifique (École Normale supérieure physique, médecine) et artistique (cours de théâtre et tournées,&hellip;</p>
<p class="more-link-p"><a class="more-link" href="https://mieux-se-connaitre.com/wp4/nous-contacter/">Suite &rarr;</a></p>
<!-- google_ad_section_end -->
